at is the thousands digit of 4965578047?
8
What is the millions digit of 8316234667?
6
What is the millions digit of 9613255?
9
What is the millions digit of 713443370?
3
What is the ten millions digit of 2111116553?
1
What is the hundred thousands digit of 114911036?
9
What is the units digit of 299905636?
6
What is the tens digit of 51565733?
3
What is the millions digit of 362769006?
2
What is the hundreds digit of 858349357?
3
What is the billions digit of 1530887183?
1
What is the millions digit of 418875425?
8
What is the millions digit of 15098785?
5
What is the ten thousands digit of 458904785?
0
What is the millions digit of 92596739?
2
What is the millions digit of 37101329?
7
What is the millions digit of 2332770132?
2
What is the ten millions digit of 67163936?
6
What is the hundreds digit of 93180197?
1
What is the units digit of 27352671?
1
What is the hundred millions digit of 758691192?
7
What is the hundred millions digit of 5377375950?
3
What is the hundred millions digit of 217713733?
2
What is the hundred millions digit of 411946677?
4
What is the units digit of 145540574?
4
What is the tens digit of 58912759?
5
What is the millions digit of 3392583079?
2
What is the tens digit of 158081738?
3
What is the ten millions digit of 470941415?
7
What is the hundred millions digit of 1537630560?
5
What is the ten thousands digit of 31137676?
3
What is the millions digit of 2506147460?
6
What is the tens digit of 1957390205?
0
What is the tens digit of 34338628?
2
What is the hundred millions digit of 1399977996?
3
What is the ten thousands digit of 4413372471?
7
What is the ten thousands digit of 291808239?
0
What is the thousands digit of 129902161?
2
What is the units digit of 857940158?
8
What is the millions digit of 407678633?
7
What is the ten millions digit of 655473098?
5
What is the tens digit of 26478854?
5
What is the ten thousands digit of 2838345?
3
What is the hundred thousands digit of 1198546063?
5
What is the hundred millions digit of 4724771312?
7
What is the hundred thousands digit of 323683141?
6
What is the hundred thousands digit of 528030794?
0
What is the units digit of 430609274?
4
What is the tens digit of 15476024?
2
What is the units digit of 88278477?
7
What is the hundreds digit of 71479687?
6
What is the ten thousands digit of 157643324?
4
What is the hundred thousands digit of 36243627?
2
What is the ten millions digit of 12237418?
1
What is the tens digit of 94972908?
0
What is the hundred millions digit of 941892110?
9
What is the ten thousands digit of 57013716?
1
What is the units digit of 99466694?
4
What is the ten thousands digit of 185336113?
3
What is the tens digit of 1238907536?
3
What is the hundred thousands digit of 177767835?
7
What is the hundreds digit of 104280690?
6
What is the hundreds digit of 3615675219?
2
What is the hundred thousands digit of 385834815?
8
What is the tens digit of 43072798?
9
What is the units digit of 122845067?
7
What is the millions digit of 909002113?
9
What is the hundred millions digit of 3894529803?
8
What is the ten thousands digit of 34406347?
0
What is the hundred thousands digit of 106660555?
6
What is the units digit of 174619529?
9
What is the units digit of 280300065?
5
What is the thousands digit of 984776844?
6
What is the tens digit of 9525600468?
6
What is the units digit of 10400034?
4
What is the tens digit of 54329630?
3
What is the ten millions digit of 4869647983?
6
What is the ten millions digit of 1211524919?
1
What is the hundreds digit of 643124962?
9
What is the thousands digit of 132251462?
1
What is the millions digit of 75071056?
5
What is the thousands digit of 165086567?
6
What is the thousands digit of 1525137420?
7
What is the hundreds digit of 370144274?
2
What is the hundred millions digit of 201202168?
2
What is the millions digit of 67243335?
7
What is the millions digit of 34199020?
4
What is the millions digit of 72368962?
2
What is the hundreds digit of 307965343?
3
What is the hundred thousands digit of 2963305667?
3
What is the hundreds digit of 84744607?
6
What is the ten millions digit of 38700708?
3
What is the ten thousands digit of 77078798?
7
What is the ten thousands digit of 1828680711?
8
What is the millions digit of 60370727?
0
What is the hundred millions digit of 219815354?
2
What is the hundred thousands digit of 112985218?
9
What is the hundred thousands digit of 18614986?
6
What is the millions digit of 1362742111?
2
What is the millions digit of 52297164?
2
What is the hundred thousands digit of 4534649715?
6
What is the hundred millions digit of 4101919556?
1
What is the hundred thousands digit of 22632002?
6
What is the hundreds digit of 238123445?
4
What is the hundreds digit of 370763082?
0
What is the millions digit of 857383139?
7
What is the ten millions digit of 19804408?
1
What is the hundred thousands digit of 202693956?
6
What is the hundred thousands digit of 992969748?
9
What is the thousands digit of 403705343?
5
What is the ten thousands digit of 77394878?
9
What is the thousands digit of 28981443?
1
What is the thousands digit of 54370406?
0
What is the ten millions digit of 175545985?
7
What is the hundreds digit of 53396211?
2
What is the ten thousands digit of 54429024?
2
What is the ten millions digit of 353218804?
5
What is the ten thousands digit of 5271164?
7
What is the hundred millions digit of 130615695?
1
What is the ten millions digit of 240766791?
4
What is the units digit of 1505375?
5
What is the hundred thousands digit of 23005957?
0
What is the billions digit of 1716793152?
1
What is the ten thousands digit of 731919366?
1
What is the ten thousands digit of 4403869602?
6
What is the tens digit of 159528139?
3
What is the hundreds digit of 1061344?
3
What is the units digit of 101404174?
4
What is the ten thousands digit of 1735457398?
5
What is the hundred millions digit of 114133815?
1
What is the units digit of 218462663?
3
What is the hundred millions digit of 154625440?
1
What is the ten millions digit of 394057993?
9
What is the tens digit of 1446704204?
0
What is the thousands digit of 540438497?
8
What is the units digit of 52203624?
4
What is the ten millions digit of 282993770?
8
What is the ten millions digit of 74638012?
7
What is the thousands digit of 374998349?
8
What is the ten thousands digit of 28421853?
2
What is the ten millions digit of 2080728348?
8
What is the hundred millions digit of 3863450098?
8
What is the units digit of 61377150?
0
What is the units digit of 105206600?
0
What is the hundreds digit of 31517097?
0
What is the thousands digit of 707049647?
9
What is the units digit of 264409528?
8
What is the tens digit of 5186507293?
9
What is the millions digit of 1207182168?
7
What is the hundreds digit of 470968217?
2
What is the ten millions digit of 19052817?
1
What is the hundreds digit of 28004633?
6
What is the tens digit of 123808809?
0
What is the thousands digit of 827057198?
7
What is the billions digit of 1128303542?
1
What is the hundred thousands digit of 220019507?
0
What is the ten millions digit of 1011222338?
1
What is the hundreds digit of 144019454?
4
What is the millions digit of 35498898?
5
What is the thousands digit of 1006046903?
6
What is the ten millions digit of 184876596?
8
What is the hundred millions digit of 5234766311?
2
What is the ten thousands digit of 967618?
6
What is the millions digit of 78491200?
8
What is the hundred millions digit of 3761012971?
7
What is the tens digit of 267046229?
2
What is the hundreds digit of 95609479?
4
What is the ten thousands digit of 783169831?
6
What is the hundred thousands digit of 335389847?
3
What is the millions digit of 1355445869?
5
What is the billions digit of 5335826148?
5
What is the hundreds digit of 2109100652?
6
What is the hundred thousands digit of 199379834?
3
What is the ten thousands digit of 13753566?
5
What is the tens digit of 115615804?
0
What is the ten millions digit of 26280107?
2
What is the millions digit of 1234757?
1
What is the hundred thousands digit of 52216736?
2
What is the units digit of 562413105?
5
What is the ten thousands digit of 4512092355?
9
What is the ten thousands digit of 122969324?
6
What is the hundreds digit of 27807